{"id":156,"date":"2021-03-09T23:36:48","date_gmt":"2021-03-09T23:36:48","guid":{"rendered":"https:\/\/vocesdeprofundis.es\/?page_id=156"},"modified":"2026-02-21T10:07:36","modified_gmt":"2026-02-21T10:07:36","slug":"calendario","status":"publish","type":"page","link":"https:\/\/vocesdeprofundis.es\/index.php\/calendario\/","title":{"rendered":"Calendario"},"content":{"rendered":"\n<div class=\"wp-block-columns is-layout-flex wp-container-core-columns-is-layout-28f84493 wp-block-columns-is-layout-flex\">\n<div class=\"wp-block-column is-layout-flow wp-block-column-is-layout-flow\"><\/div>\n<\/div>\n\n\n<p>El Grupo de Voces Graves <strong>DE PROFUNDIS<\/strong> participa habitualmente en los cultos de las Hermandades y Cofrad\u00edas que\u00a0 requieren de la m\u00fasica que ofrecemos. Aqu\u00ed est\u00e1 actualizado nuestro calendario m\u00e1s pr\u00f3ximo.<\/p>\n<ul>\n<li><strong>VIERNES 20\u00a0 DE FEBRERO DE 2026: <\/strong>VIA-CRUCIS &#8211; Hermandad de Montesi\u00f3n (Sevilla). 19:30 h.\u00a0<\/li>\n<li><strong>S\u00c1BADO 21\u00a0 DE FEBRERO DE 2026: <\/strong>SOLEMNE QUINARIO &#8211; Hermandad de la Vera Cruz (Sevilla). 20:30 h.\u00a0<\/li>\n<li><strong>S\u00c1BADO 28\u00a0 DE FEBRERO DE 2026: <\/strong>VIA-CRUCIS &#8211; Hermandad de la Columna &#8211; Priego de C\u00f3rdoba (C\u00f3rdoba). 19:30 h.\u00a0<\/li>\n<li><strong>S\u00c1BADO 28\u00a0 DE FEBRERO DE 2026: <\/strong>FUNCI\u00d3N SOLEMNE &#8211; Hermandad del Prendimiento &#8211; El Carpio (C\u00f3rdoba). 20:00 h.\u00a0<\/li>\n<li><strong>VIERNES 6 DE MARZO DE 2026: <\/strong>VIA-CRUCIS &#8211; Hermandad de los Panaderos (Sevilla). 19:00 h.\u00a0<\/li>\n<li><strong>S\u00c1BADO 7 DE MARZO DE 2026: <\/strong>VIA-CRUCIS &#8211; Hermandad Servita del Santo Entierro. La Palma del Condado (Huelva). 18:00 h.\u00a0<\/li>\n<li><strong>VIERNES 20 DE MARZO DE 2026: <\/strong>VIA-CRUCIS &#8211; Asociaci\u00f3n Cautivo y Victoria &#8211; Olivares (Sevilla). 20:30 h.\u00a0<\/li>\n<li><strong>MARTES 24 DE MARZO DE 2026: <\/strong>RESPONSORIA TENEBRARUM &#8211; Conservatorio de Bollullos Par del Condado &#8211; Parroquia de Santiago Ap\u00f3stol (Bollullos) (Huelva). 17:00 h.\u00a0<\/li>\n<li><strong>VIERNES 27 DE MARZO DE 2026: <\/strong>VIA-CRUCIS &#8211; Hermandad de la Vera &#8211; Cruz (Sevilla). 20:30 h.<\/li>\n<li><strong>VIERNES 27 DE MARZO DE 2026: <\/strong>VIA-CRUCIS &#8211; Hermandad de la Vera &#8211; Cruz. Bollullos Par del Condado (Huelva). 21:00 h. \u00a0<\/li>\n<li><strong>LUNES 30 DE MARZO DE 2026: <\/strong>ESTACI\u00d3N DE PENITENCIA &#8211; Hermandad de la Vera-Cruz (Sevilla). 19:45 h.\u00a0<\/li>\n<li><strong>JUEVES 2 DE ABRIL DE 2026: <\/strong>ESTACI\u00d3N DE PENITENCIA &#8211; Hermandad de los Negritos (Sevilla). 15:00 h.\u00a0<\/li>\n<li><strong>VIERNES 3 DE ABRIL DE 2026: <\/strong>ESTACI\u00d3N DE PENITENCIA &#8211; Hermandad del Santo Sepulcro &#8211; El Carpio (C\u00f3rdoba). 22:00 h.\u00a0<\/li>\n<li><strong>VIERNES 3 DE ABRIL DE 2026: <\/strong>ESTACI\u00d3N DE PENITENCIA &#8211; Hermandad de los Milagros &#8211; Utrera (Sevilla). 22:30 h.\u00a0<\/li>\n<li><strong>S\u00c1BADO 4 DE ABRIL DE 2026: <\/strong>ESTACI\u00d3N DE PENITENCIA &#8211; Hermandad Sacramental de San Jos\u00e9 &#8211; Coria del R\u00edo (Sevilla). 19:00 h.\u00a0<\/li>\n<\/ul>\n\n\n<p><\/p>\n","protected":false},"excerpt":{"rendered":"<p>El Grupo de Voces Graves DE PROFUNDIS participa habitualmente en los cultos de las Hermandades y Cofrad\u00edas que\u00a0 requieren de la m\u00fasica que ofrecemos. Aqu\u00ed est\u00e1 actualizado nuestro calendario m\u00e1s pr\u00f3ximo. VIERNES 20\u00a0 DE FEBRERO DE 2026: VIA-CRUCIS &#8211; Hermandad de Montesi\u00f3n (Sevilla). 19:30 h.\u00a0 S\u00c1BADO 21\u00a0 DE FEBRERO DE 2026: SOLEMNE QUINARIO &#8211; Hermandad <a href=\"https:\/\/vocesdeprofundis.es\/index.php\/calendario\/\" class=\"more-link\">&#8230;<span class=\"screen-reader-text\">  Calendario<\/span><\/a><\/p>\n","protected":false},"author":1,"featured_media":0,"parent":0,"menu_order":0,"comment_status":"closed","ping_status":"closed","template":"","meta":{"podcast_url":"","podcast_explicit":"no","podcast_captioned":false,"podcast_duration":"","podcast_filesize":0,"podcast_mime":"","enclosure":"","podcast_season_number":"","podcast_episode_number":"","podcast_episode_type":"none","podcast_transcript":"","footnotes":""},"class_list":["post-156","page","type-page","status-publish","hentry"],"_links":{"self":[{"href":"https:\/\/vocesdeprofundis.es\/index.php\/wp-json\/wp\/v2\/pages\/156","targetHints":{"allow":["GET"]}}],"collection":[{"href":"https:\/\/vocesdeprofundis.es\/index.php\/wp-json\/wp\/v2\/pages"}],"about":[{"href":"https:\/\/vocesdeprofundis.es\/index.php\/wp-json\/wp\/v2\/types\/page"}],"author":[{"embeddable":true,"href":"https:\/\/vocesdeprofundis.es\/index.php\/wp-json\/wp\/v2\/users\/1"}],"replies":[{"embeddable":true,"href":"https:\/\/vocesdeprofundis.es\/index.php\/wp-json\/wp\/v2\/comments?post=156"}],"version-history":[{"count":30,"href":"https:\/\/vocesdeprofundis.es\/index.php\/wp-json\/wp\/v2\/pages\/156\/revisions"}],"predecessor-version":[{"id":508,"href":"https:\/\/vocesdeprofundis.es\/index.php\/wp-json\/wp\/v2\/pages\/156\/revisions\/508"}],"wp:attachment":[{"href":"https:\/\/vocesdeprofundis.es\/index.php\/wp-json\/wp\/v2\/media?parent=156"}],"curies":[{"name":"wp","href":"https:\/\/api.w.org\/{rel}","templated":true}]}}